0
Let w = -666 - -772. Calculate the remainder when w is divided by 42.
22
Let m(h) = -6*h - 25. Let k be m(-13). Suppose k*u + 180 = 62*u. What is the remainder when 399 is divided by u?
19
Suppose -3*q + 2748 = 42*a - 40*a, 4*a = -q + 926. Calculate the remainder when q is divided by 338.
238
Let g(l) = -21*l - 153. Let w be g(-9). Suppose 3*b - w = 3*z, 0*b + 4*z + 6 = b. Calculate the remainder when b is divided by 4.
2
Suppose 3*m = -2*m + 325. Calculate the remainder when m is divided by 740/46 + -1 - (31642/(-598) - -53).
5
Let w = 238 - 220. Suppose 2*n - 9 - 27 = -s, 5*s = -10. Let g(b) = -b**3 + 18*b**2 + 23*b - 5. Calculate the remainder when g(n) is divided by w.
17
Let f(t) = 2*t**2 - 85*t + 982. Calculate the remainder when 1059 is divided by f(24).
25
Suppose -45*o = -42*o - 9. Let t = o + 45. Suppose -3*r - 2*r + 4*c + 62 = 0, 0 = -4*r + 4*c + t. Calculate the remainder when 25 is divided by r.
11
Let m(z) = -z**3 + 11*z**2 + 35*z - 1. Let y be m(-11). Suppose -10*j - 626 = -y. What is the remainder when j is divided by 44?
33
Let r(l) be the first derivative of 6*l**2 + 3*l - 2. Let i(v) = v**2 - 2*v - 13. Let s be i(5). Calculate the remainder when 53 is divided by r(s).
26
Suppose y - 17*i + 21*i - 16 = 0, -3*y + 4*i = 0. What is the remainder when 361 is divided by y?
1
Suppose -3*q + 5 + 10 = 0. Suppose z - 15 = -q*v, -4*v + z + 4 = 1. Suppose 5 = -c + 5*k, v*c + c - 39 = -3*k. What is the remainder when 58 is divided by c?
8
Suppose -4*n - 83 = r - 72, -r + 4*n + 29 = 0. Let c be 1 - 2*-1 - 1. Suppose -d + c = -2. Calculate the remainder when r is divided by d.
1
Let s = 1888 - 1845. Calculate the remainder when 144 is divided by s.
15
Calculate the remainder when 3762/4*328/861 + (-4)/14 is divided by 182.
176
Let k = 192 + -11. Let q = 184 - k. Let f(z) = -z**2 + z + 28. What is the remainder when f(0) is divided by q?
1
Suppose -2*j + 2*s + 5 = -3*s, -4*j = -2*s - 2. Suppose -8*q + 82 - 874 = j. Let c = q - -272. Calculate the remainder when c is divided by 35.
33
Let z(i) = -7*i + 11. Let j be z(1). Suppose j*p + 55 - 203 = 0. Calculate the remainder when p is divided by 10.
7
Suppose -2*b + 88 = k, -3*k + b = -7*k + 359. Let f = 29709 + -29662. Calculate the remainder when k is divided by f.
43
Let n = -2770 + 2994. What is the remainder when 679 is divided by n?
7
Let l = -24514 - -24516. Suppose 0 = -3*i + 5*i - 4. Calculate the remainder when l is divided by i.
0
Suppose -2*p + 3*p = 50. Suppose -23*d - 5044 = -49*d. Calculate the remainder when d is divided by p.
44
Suppose -66 = -4*b + 4*t + 526, -163 = -b - 2*t. Calculate the remainder when 483 is divided by b.
24
Let r(t) = 24581*t**3 - 2*t**2 - 89*t + 92. What is the remainder when r(1) is divided by 55?
52
Let c = -1845 + 1944. What is the remainder when c is divided by 30?
9
Suppose 16806 = 43*o - 9682. Calculate the remainder when o is divided by 199.
19
Let s(h) = h**2 - 4*h + 4. Let u be s(6). Suppose 0 = 4*r + 4*l - 256, -3*r + u*l = 13*l - 210. Calculate the remainder when 468 is divided by r.
66
Let w(v) be the second derivative of -2*v**3/3 - 23*v**2 - 7*v. Let h be w(0). Let f = -37 - h. Calculate the remainder when 60 is divided by f.
6
Let m = -37898 - -44448. Calculate the remainder when m is divided by 18.
16
Let m be (-2)/7 - (-6220)/(-35). Let h = 254 + m. Let c(z) = 40*z**2 + 2*z + 1. What is the remainder when h is divided by c(-1)?
37
Let h = 80 + 119. Calculate the remainder when h is divided by ((-3 + 2)/(-5))/1 - (-845)/25.
29
Suppose 3*a - 5*f = 112, 6*a - 5*f = 2*a + 151. What is the remainder when 1109 is divided by a?
17
Suppose -5*y - 16*x + 15*x + 729 = 0, 9*y - 1353 = 5*x. Calculate the remainder when y is divided by 36.
3
Let d = 1853 - 1849. Let s(i) = i**3 - 6*i**2 + 4*i - 10. What is the remainder when s(7) is divided by d?
3
Let t = -5138 + 5143. Calculate the remainder when 982 is divided by t.
2
Let d = 347 - 322. Suppose 21*l = d*l - 136. Calculate the remainder when 62 is divided by l.
28
Let b = -5738 - -5802. What is the remainder when b is divided by 33?
31
Let a = 62260 + -62224. Let s(v) = v**2 + 5*v + 6. Let t be s(-4). Suppose t*o + 74 = 4*b, -4*o = -b + 7 + 15. Calculate the remainder when a is divided by b.
0
Suppose -k = 2*z + k - 86, 5*k + 61 = z. Let h be (-222)/(-5) + (-84)/(-15) + -5. Let c = h + -29. Calculate the remainder when z is divided by c.
14
Let k be (-4)/18 + (-113412)/(-54)*1. Suppose -21*t - 4*t + k = 0. Calculate the remainder when t is divided by 17.
16
Suppose 3*j = -6, -3*u + 3124 = -4*j - 13633. What is the remainder when u is divided by 127?
122
Let f(h) = -h**3 - 3*h**2 + 10*h + 3. Let j be f(-6). Let x be 42/4*(-68)/j. Calculate the remainder when 46 is divided by -1 + 23 - (-16 - x).
22
Let r(k) = 14*k - 378. Calculate the remainder when 586 is divided by r(28).
12
Let r(b) = -23*b + 111. Let t be r(4). Suppose -i = -2*u - t, -2*i - 6*u = -u + 7. What is the remainder when i is divided by 7?
2
Suppose -3*t - 333 = -0*k - 2*k, 2*k - 5*t - 327 = 0. Let j = k - 155. Calculate the remainder when 287 is divided by j.
15
Let a(q) = -2*q**3 - 13*q - 9*q**2 - 4*q**2 + q**2 - 9 + q**3. Suppose -16*t + 1350 = 11*t. What is the remainder when a(-12) is divided by t?
47
Let w = 12991 + -12973. Calculate the remainder when 2695 is divided by w.
13
Suppose -7*c - 2*c + 261 + 324 = 0. What is the remainder when 3443 is divided by c?
63
Let u(t) = -2*t**2 - 20*t. Let r be u(-9). Suppose -14*v = -r*v - 8. Calculate the remainder when 63 is divided by 6/(v - 0) - (-27 - -2).
19
Suppose 0*q = 4*q - 4, 0 = -5*z - 2*q + 1797. What is the remainder when z is divided by 121?
117
Suppose -2*n = -2*h + n - 1, 3*n - 17 = -2*h. Let o be 2/((-2)/(-5)) + 174/3. Suppose h*z - z - o = 0. What is the remainder when z is divided by 6?
3
Let a(y) = y**3 + 33*y**2 - 238*y + 454. Calculate the remainder when a(-37) is divided by 29.
14
Let o be (-13 - -24)*-1*7. Let q = -43 - o. Calculate the remainder when 236 is divided by q.
32
Suppose 2*d = -5*r + 39, -4*d + 5 = 5*r - 78. Suppose 3*z + 7*h = 9*h + d, 5*h - 20 = 0. Calculate the remainder when 98 is divided by z.
8
Suppose 309 = 5*s - 27*h + 25*h, -300 = -5*s + 5*h. Calculate the remainder when 199 is divided by s.
10
Let o be ((-176)/(-6))/((9/(-3))/(-18)). Suppose -168 = -8*d + o. Suppose -f + 32 = f. Calculate the remainder when d is divided by f.
11
What is the remainder when (4/14)/(26/66794) is divided by 244?
2
Suppose 6*v - 26 = -7*v. Let p(k) = 6*k**3 + 4*k**2 - 8*k + 11. What is the remainder when 412 is divided by p(v)?
58
Let b = -94 + 96. Suppose -3*f = -13 - b. Suppose f*p = -5*q + 80, -3*p + 2*q - q = -60. What is the remainder when 90 is divided by p?
14
Suppose -47*z - 8*z + 21056 = -8*z. Calculate the remainder when z is divided by 25.
23
Suppose -3*i - 28 = 5*f, 0 = -0*i + i + 2*f + 9. Calculate the remainder when 185/(-10)*i/((-66)/(-12)) is divided by 1.
0
What is the remainder when 715 is divided by (-5)/4*(-3072)/160?
19
Suppose -3384 = 70*w - 61624. Calculate the remainder when w is divided by 26.
0
Let b = 1 - -101. Let v = 104 - b. What is the remainder when 48 is divided by v/(-12)*(-84)/4*2?
6
Let x = 2486 - 1758. Calculate the remainder when 1464 is divided by x.
8
Let u = 27526 - 27382. What is the remainder when u is divided by 13?
1
Let u(m) = 2*m**2 - 22*m - 21. Suppose 37 = -6*k + 121. Calculate the remainder when u(k) is divided by 11.
8
Let m be 3/(-3) + (-15)/(-5). Suppose 0 = -m*c - 5*q - 3 - 2, -c - q + 2 = 0. What is the remainder when 32 is divided by c?
2
Suppose w + 3*v = 2 - 8, -32 = -3*w + v. Suppose -5*m - 2*n + 64 = w, -5*n = 3*m - 52. What is the remainder when 10/(70/153) - 1/(-7) is divided by m?
4
Let c(h) = -h**3 + 32*h**2 + 187*h - 38. Let l(z) = -322*z**3 + 2*z**2 + z. What is the remainder when l(-1) is divided by c(37)?
35
Let n = 675 - -860. Calculate the remainder when n is divided by 29.
27
Suppose 5183 + 1117 = -15*g. Let n = 613 + g. Calculate the remainder when n is divided by 50.
43
Let y(i) = -i**3 - 9*i**2 + 3*i + 95. Let x be y(-8). Suppose -x*d - 40*d + 4794 = 0. Calculate the remainder when 1324 is divided by d.
100
Let m be ((-4522)/35)/(-2)*5. Let a = 366 - m. Calculate the remainder when a is d